ed by (-10)/(-5)*(m/(-4) - 2)?
0
Let l(d) = -d**2 + 24*d - 101. Calculate the remainder when 97 is divided by l(10).
19
Let u(z) = z**2 + 20*z + 1. Suppose -2*a + 3*v - 43 = 0, -2*v + 65 = -3*a + 3*v. Let j be u(a). What is the remainder when 26 is divided by (-210)/(-75)*j*5?
12
Let m(b) = -b - 27. Let k be m(-12). Let n = 44 + k. What is the remainder when 57 is divided by n?
28
Calculate the remainder when 119 is divided by 71 + -74 - 8/(-1).
4
What is the remainder when 30*(2 - 12/9) is divided by 11/(-3)*-2*(-6)/(-4)?
9
Let c(z) = -z**3 + 5*z**2 + 7*z + 3. Let l(v) = v**3 - 2*v**2 + 7*v - 22. What is the remainder when c(6) is divided by l(3)?
1
Let n(t) = -2*t**2 + 5*t + 49. Calculate the remainder when 33 is divided by n(6).
5
Suppose 0 = -5*f + 3*x + 111 - 34, 0 = -3*f + 3*x + 45. What is the remainder when (3*2)/((-6)/(-28)) is divided by f?
12
Suppose -9*d = -42*d + 3465. What is the remainder when 302 is divided by d?
92
Calculate the remainder when 122 + -21 + (2 - 3) is divided by 18.
10
Let s be (-5 + -2)/(0 + -2 + 1). Suppose 2*f + 2 = 0, -5*r - 42 = -f + 3*f. Let d = s - r. Calculate the remainder when 59 is divided by d.
14
Suppose -5*j - 19 = -2*c, -8 = 5*c - 6*c + 4*j. What is the remainder when c is divided by 8?
4
Let b be (0 - -1)*(2 + -1). Calculate the remainder when 125 is divided by (-645)/(-40) + b/(-8).
13
Let j(u) = 15*u**3 - u + 1. Let c = 135 + 47. Let f = c - 124. What is the remainder when f is divided by j(1)?
13
Suppose 15 = 3*j, 0 = 3*y + j - 2*j + 5. Let k(v) = 2*v**3 + v**2 - 2*v + 19. Suppose -g - 5 = -2*g. Calculate the remainder when k(y) is divided by g.
4
Calculate the remainder when 4/2*1496/44 is divided by 20.
8
Suppose -2*z + 47 - 11 = 0. What is the remainder when z is divided by 10?
8
Let j(z) = 114*z - 168. What is the remainder when j(2) is divided by (-201)/(-15) + 2/(-5)?
8
Suppose 7*t - 12 = 6*t. Suppose -3*y + t + 12 = 0. Let v = 129 + y. What is the remainder when v is divided by 35?
32
Suppose 4*z + 18 + 2 = 0. What is the remainder when 1/z + (-624)/(-20) is divided by 17?
14
Suppose 0 = 2*w + g - 30, 2*w - 27 = 4*g + 3. Suppose 194 = 2*t + 22. What is the remainder when t is divided by w?
11
Let n be (4 - 4) + (0 - 0). Let l be n + 4 + -1 + -4. What is the remainder when 62 is divided by (-7)/l*3*1?
20
Suppose 5*k - 22 = 6*k. Calculate the remainder when 8 is divided by (k/(-66))/((2/(-24))/(-1)).
0
Let i(f) = -f**2 - 9*f + 4. Calculate the remainder when 111 is divided by i(-2).
3
Let o = -5 + 10. Let z be (6/15)/(2/60). Suppose -t = 2*g - z, -t + 4*g - 8 = 2*g. What is the remainder when o is divided by t?
1
What is the remainder when 78/(-182)*7/2*-218 is divided by 15?
12
Suppose -4*z = 4, -r + 4 = z - 12. Let j(b) = -7*b - 31. Let p(f) = 11*f + 46. Let a(m) = 7*j(m) + 5*p(m). What is the remainder when a(6) is divided by r?
15
Let x(d) = d**2 - 12*d + 7. Let h be x(12). Suppose -2*o - 4*c = -16, 5*o + h*c = 2*c + 65. What is the remainder when o is divided by 13?
5
Let v = 11 - 30. Let c = v + 31. What is the remainder when 23 is divided by c?
11
Let f(i) = 8*i**2 - 6*i - 26. Calculate the remainder when f(-6) is divided by 30.
28
Suppose -4*g = -c - 2*c + 22, -3*c + 2*g + 20 = 0. Calculate the remainder when (-10 - -16) + (-3 - (-2 - 4)) is divided by c.
3
Let p(l) = -l**2 + 7*l - 2. What is the remainder when (-4)/(-2) + (-13 - -46 - 8) is divided by p(5)?
3
Suppose -2*j + 23 - 7 = 2*u, -3*j = 15. What is the remainder when u is divided by (-253)/(-69) + 5/(15/(-2))?
1
Suppose 2*a + 1 = f + 2, 4*a = 8. Suppose 0 = -7*k + 11*k + f*u - 38, 2 = -u. Calculate the remainder when 27 is divided by k.
5
Suppose -114 = -2*w - 10. Let p = -44 + w. What is the remainder when 45 is divided by p?
5
Let v(o) = -o**3 - 5*o**2 + 2*o + 7. Let u(p) = -p - 2. Let h be u(-6). Suppose -h*c = 17 + 7. Calculate the remainder when v(c) is divided by 11.
9
Let b be (-1)/7 - 8/(-56). Let q(v) = -v**2 + 2. Let g be q(b). Suppose g*z = 9*z - 140. Calculate the remainder when 79 is divided by z.
19
Let k = 456 + -438. What is the remainder when k is divided by 8?
2
Suppose 3*f = -4*a + 55, 5*a - 4*f + 9*f - 65 = 0. What is the remainder when 332 is divided by a?
12
Let l = 72 + -71. Let p(k) = k + 4. Calculate the remainder when (1/(-2))/(l/(-62)) is divided by p(4).
7
Suppose -36*v + 40*v + 4*n - 132 = 0, -3*v + 5*n = -107. Calculate the remainder when 51 is divided by v.
17
Let t be (-71)/((-1 + -2)*(-1)/(-3)). Suppose 4*h + 0*y - 73 = -y, 3*h = -4*y + t. Let b(r) = -10*r - 1. Calculate the remainder when b(-5) is divided by h.
15
Let r(s) = -s**3 - 9*s**2 + s + 15. Calculate the remainder when r(-11) is divided by 31.
29
What is the remainder when -164*2/(-4) - -1 is divided by (-3091)/(-99) - (-6)/(-27)?
21
Let z = -73 - -148. What is the remainder when z is divided by 19?
18
Let d(f) = -f**2 + 8*f - 10. Let x be d(8). Let q = 15 + x. Suppose 4*j = 3*b + 26, 4*j = q*j + 5*b - 18. What is the remainder when 31 is divided by j?
7
Suppose 171 + 900 = 7*w. What is the remainder when w is divided by 22?
21
Let n(u) = -u**3 - 50*u**2 + 51*u + 10. What is the remainder when 257 is divided by n(-51)?
7
Let k = 0 + -1. Let i(m) = -35*m. Let z(y) = 18*y. Let t(p) = 4*i(p) + 7*z(p). What is the remainder when 54 is divided by t(k)?
12
Let z = -25 - -28. Suppose -13*f + z*f + 380 = 0. Suppose -6*j + 4*j = -40. What is the remainder when f is divided by j?
18
Let b(m) = m + 38. Let o(u) = -12*u**2 + 4*u + 5. Let k be o(-1). What is the remainder when 132 is divided by b(k)?
24
Suppose -19*g + 667 = -169. Calculate the remainder when 1053 is divided by g.
41
Suppose 283 = 5*g - 3*m, 3*g - 33*m - 173 = -28*m. Calculate the remainder when 166 is divided by g.
54
Suppose 8*a + 1005 = 1093. What is the remainder when 10/((4/(-6))/(-2)) is divided by a?
8
Let f(g) = g**2 - 4*g + 28. Calculate the remainder when f(14) is divided by 17.
15
Suppose 16*k - 7*k - 1818 = 0. Calculate the remainder when k is divided by 29.
28
Suppose 4*t = -d + 12, 3*t + 68 = 3*d + 7*t. Suppose 2*k + d = -4*w - 0, 4*w = k - 40. What is the remainder when 69 is divided by (1 + -4 - -1)*w?
15
Let d(s) = s**2 + 7*s - 6. Let u be d(-8). Suppose 5*c - u*w - 3 - 1 = 0, 5*c + 4*w - 22 = 0. What is the remainder when 5 is divided by c?
1
Let m(o) = 2*o**2 - o + 1. Let z(x) = -x**2 - 10*x - 10. What is the remainder when m(2) is divided by z(-8)?
1
Let x = 27 - 21. Let w(j) = x + 6 + 1 - 1 + j. Calculate the remainder when 86 is divided by w(10).
20
Suppose -5*q - 2*n = -6*n + 10, 0 = 4*q - 4*n + 12. Let o = q + 11. Let v = o + -7. Calculate the remainder when 15 is divided by v.
3
Let u(t) = 2*t + 12. Let o be u(-6). Suppose -5*v - 3*n + 6*n - 15 = o, -4*n = -3*v - 9. Calculate the remainder when 1*v/(6/(-134)) is divided by 17.
16
Suppose h = 3*b - 6*b + 14, 0 = 4*b + 8. Suppose 3*x = -u + 35, -5*x - 37 = -2*u + 44. Calculate the remainder when u is divided by h.
18
Calculate the remainder when 35*(34*2/20 - 2) is divided by 4.
1
Let b(h) = -5*h - 6. Suppose -9*c = -3*c + 12. What is the remainder when 10 is divided by b(c)?
2
Let l = -78 - -50. Let y = 39 + l. What is the remainder when 31 is divided by y?
9
Let m = -72 - -120. Let f = -24 + m. Calculate the remainder when 46 is divided by f.
22
Let y(g) = 2*g**3 - 6*g**2 + g + 4. Let a(v) = v**2 - 11*v + 4. Let k be a(11). Let f = -230 - -308. Calculate the remainder when f is divided by y(k).
38
Suppose -426*k + 85 = -421*k. Calculate the remainder when 203 is divided by k.
16
Let y(f) be the second derivative of f**3/3 - f**2/2 - 62*f. Let i be (-1)/(-4) + 7/4. Calculate the remainder when 16 is divided by y(i).
1
Let f = -113 - 7. Let z = 187 + f. What is the remainder when z is divided by 17?
16
Suppose -4*o + 5*x - 6*x = -119, -5*o + 157 = 4*x. Calculate the remainder when 113 is divided by o.
26
Let c(f) = f**3 - 10*f**2 + 16*f - 37. Calculate the remainder when c(9) is divided by 7.
5
Suppose -1 = -2*b + 5. Suppose -4*p - 19 = 5*w + 209, -5*p = -b*w + 248. Let g = p + 134. What is the remainder when g is divided by 21?
19
Let o be -1*(-1 - -3) + 8/2. Suppose -5*a - 17 = -4*v + 12, -13 = -o*v + a. Calculate the remainder when 6 is divided by v.
0
Calculate the remainder when 294 is divided